lculate 42 + (-81 - -25) + 52.
38
Calculate (21 + -7 - 18) + 11 + -2 + -22.
-17
-27 + 26 - 58 - -96
37
What is -7 + -1 - (1 + -1 - 0) - (18253 + -18240)?
-21
1859 + -1715 - (-11 + 110)
45
7 - (-4 + (-2 - -14 - (23 + -7) - 11))
26
What is 11471 - 11506 - (-1 - 1 - (2 - 1))?
-32
(0 - 1) + (-131 + (0 - -64) - (1 - -10))
-79
What is (-5 - -7 - 1) + -2 - (-13 + 16 + 10)?
-14
What is the value of 115 - (112 - 11) - (1 + 30) - -49?
32
What is (12 - 2) + (-13 - -61)?
58
Evaluate (-6 - (23 + -21 + 10 - 25)) + (-118 - -1).
-110
What is 8 - ((183 - 139) + -24 + -2)?
-10
30 + 1 - (64 + -54) - 26
-5
What is the value of (294 - 295) + -4 + 2?
-3
Evaluate -12 + 18 + 14 + (17 - -2) + -3.
36
Calculate 49 + -94 - (4 + (-12 - -3)).
-40
What is the value of -28 - (17 + 26 - -22 - 15)?
-78
(-5 - 9 - (-29 + 77)) + (-9 - -25)
-46
-13 + -5 + -65 + 50 + 57
24
What is -4 + (-46 - 11) - -110?
49
Calculate -145 + (-15 - -103) + 95.
38
(0 - 1) + 15 + -77 + 102 + -84
-45
What is -528 + 542 - (27 + 3)?
-16
What is the value of (248 - 129) + -106 - (3 - (-85 - -2) - 2)?
-71
What is 1 + 0 + 9 + 75 + -52 + -12 + -37?
-16
Calculate (-4 - 1) + (3 + 13 + (-40 - -19) - -9).
-1
Calculate (-6 - -3) + (-5 + 5 - -5) + -5 - 36.
-39
(120 - 282) + 139 + -122
-145
What is the value of (0 - 12 - (0 - 3)) + (-1 - (-83 - -40))?
33
What is (-67 + (-14 - 2 - -11) - -14) + 5?
-53
Calculate -9 - (-6 + 3 - (2 - -6)) - (-2 - -5).
-1
Calculate -114 - -125 - (-33 + (-5 - (5 + -5)) - 2).
51
What is -6 - (-37 - (73 + -69))?
35
What is (-8 + -1 - -31 - (58 + 26)) + 14?
-48
What is 39 - (18 - (21 + (-30 - -10)))?
22
Evaluate 19 + (5 + 0 - 6) - (-171 + 169).
20
51 - 2 - (71 - (-59 + 100))
19
Evaluate (15 - (14 - -10)) + (23 - 29 - (-3 + 21)).
-33
What is the value of -37 - ((-97 - -60) + -3)?
3
Evaluate -59 - (43 - (8 - -62)).
-32
Evaluate -13 + (-17 - (-7 + -10)) + -9.
-22
What is -73 - -12 - (-19 - (11 + -43))?
-74
-9 + (-7 + 0 - (-127 + 105))
6
What is the value of -4 - -5 - (1 + 7) - (2964 - 2977)?
6
-80 + (-27 + 23 - 8 - -10)
-82
6 - 62 - -69 - -17
30
Calculate -1 - (-3 - -5) - (-10 + 43).
-36
What is the value of (-93 - -25 - -137) + -120?
-51
-5 + 64 - (106 - 17)
-30
What is 95 + (626 - 627 - (37 + -2))?
59
What is the value of 3786 + -3758 + -3 + (-2 - -1)?
24
0 - (17 - ((-5 - (-16 + -1)) + -5) - -13)
-23
What is the value of 1 - (-9 + -15 - -27) - 47?
-49
What is the value of -94 + ((2 - 2) + 3 - (3 - (-19 - -17)))?
-96
(80 - 150) + -79 + 59
-90
Calculate -2 + (49 - (-34 - -51)).
30
What is the value of -11 - (7 + (-11 - 19)) - -96 - (32 + -19)?
95
What is the value of (2 - (-2 + -8) - -21) + 1 - (17 + -7)?
24
What is 81 + 0 + 0 + (-13 - 4) + -11?
53
Calculate (-29 - -12) + 8 - 13 - -34.
12
Calculate (17 - 1) + (29 - -14) + -36.
23
What is the value of (16 - (-12 + 14 - -3)) + 13 + -49?
-25
Calculate -154 + 88 - 20 - -142.
56
What is -81 - (30 - ((-20 - -62) + -21))?
-90
3 + (-19 - (-19 + 3 + -12) - (-1 - -61))
-48
Evaluate 148 + (-33 - 58) + -22.
35
What is -17 - -102 - -5 - 96?
-6
What is the value of (0 - 4) + (-37 - -33) + (-24 + -3 - -23)?
-12
Evaluate (-32 - (3 + -32)) + -1 + 108 - (-44 + 38).
110
27 - -1 - ((-54 - (-8 + -11)) + 42) - -13
34
What is 38 + 0 - (205 - 187)?
20
51 - 0 - (3469 + -3456)
38
What is (-1 - (2 - -46)) + 5060 + -5061?
-50
(-1 - 0 - -18 - ((1 - 44) + 52)) + 30
38
What is the value of (-19 - (0 + (-8 - -9) + -5)) + (63 - 26)?
22
What is the value of -12 - (0 + -2) - (77 - (13 + 108))?
34
What is the value of (-20 - -1) + -32 + 11 + 30?
-10
-2 + -1 - (15 + -13) - (59 + -21 + 10)
-53
What is the value of 45 - 39 - -86 - 197?
-105
What is (74 - (19 + (-31 - (-12 + 22)))) + 0?
96
Calculate -76 + 31 + -97 + 63.
-79
Calculate -54 + -51 + 95 + (-74 - (-1 - -1)).
-84
Calculate 8 + (47 - (4 + -8)) + -182 + 173.
50
Calculate -37 - (32 - 69) - 36.
-36
-36 + (-116 - -73 - 22)
-101
0 - (-2 + 25 - 0) - 25
-48
Calculate -10 - (-53 + -18 + -1 + (39 - 21)).
44
What is (1 - 3) + -49 + -18 + (18 - 4 - 8)?
-63
What is (-2982 - -2968) + 0 + 46?
32
Calculate -84 + 104 + -102 - -137.
55
-28 - (42 + -36 - 146)
112
(-194 - -204) + (35 - 34 - (0 - 5))
16
What is the value of 4 + -69 - (-797 + 762)?
-30
Evaluate (-102 - -12 - -94) + (1 - (1 + 29)) + -1.
-26
0 + -31 - (-122 - (-297 - -149))
-57
What is the value of -8 - (-29 + (14 - 20) + (5 - 0))?
22
What is (13 - 2 - (-8 + -33 - -8)) + 6 + 9?
59
-13 - (-18 - -30 - (0 - -13) - 27)
15
Evaluate -174 - -99 - (0 + 11 - (31 - 22)).
-77
What is the value of (-68 - -80) + -10 + 2 + -47?
-43
Evaluate 52 + 0 + (18 - (26 - -8)) + -12 + 18.
42
What is the value of 30 - (3 + 6 + -31 + 2 - (57 + -67))?
40
Calculate (-96 - -29) + (-49 - -25).
-91
What is the value of 43 + 16 + -10 - 18?
31
What is the value of 23 + (19 - ((25 - 7) + 8))?
16
Calculate -4 - (-56 - (-7 + 7 + -13)) - -5.
44
Calculate 19 - (-17 - (-37 - (-9 - -24))).
-16
11 + (-9 - (4 + 15)) - (-17 + -7 + 32)
-25
25 + -3 - 0 - (-3550 - -3601)
-29
110 + -75 + -156 - -169
48
What is the value of (-151 - -118) + 12 + -1 + 128?
106
What is (-2 - -47 - (26 + -10)) + 12 + (8 - 4)?
45
54 + (18 - (-8 - -9)) + 7 + -12
66
What is the value of -53 - (-22 - 2) - -36 - 41?
-34
-1 + 43 + (2652 - 2691)
3
Calculate 29 + (9 + (61 - -28) - 21) - (13 + -1).
94
Evaluate -4 + -39 + 26 + 20 + -5 + -2.
-4
What is 1108 + -997 - (8 + -1) - 25?
79
Calculate 3 + (-4 - -5) + -18 - (-20 + -10).
16
Calculate -27 - ((-3 - -58) + -103).
21
Calculate (-8 + (2 - -4) - 3) + (-82 - -92).
5
What is -2 + -111 - (5 - (-5 + 13 - (94 - 98)))?
-106
40 + -55 - (9 - 9 - -4 - -5)
-24
What is -31 + 34 + -17 + 38?
24
Calculate (48 + -4 - 5) + (15 - 34) + 5.
25
Calculate -17 + (-35 + 1 - (-36 - -20)).
-35
What is -5 + -14 - -1 - (192 - 175)?
-35
Evaluate 5 + 6 + (17 - 40) + 10 + -1.
-3
What is the value of -7 + (7 - -18) - (50 + 11)?
-43
What is the value of -1 - 49 - (-178 + 226 - 54)?
-44
What is 3 + 83 - (-173 + 353)?
-94
0 - -12 - (1 + -6 + -174 + 169)
22
(-3 - ((4 - (0 - 8)) + -76)) + -2
59
Calculate -3 + -4 + (-11 - -19) + (-43 - 4).
-46
Calculate 1 + 5 - (3625 + -3583).
-36
What is the value of (33 - -4) + 33 + -100?
-30
1 + ((21 - 33) + -52 - -22 - -21)
-20
What is 0 + -5 - (220 + -178 - (3 + (-3 - -2)))?
-45
Calculate -14 - 17 - -43 - (-2 + (3 - -1)).
10
30 - (71 + -48 + 5)
2
8 - 40 - -2 - -16 - -18
4
Evaluate -65852 - -65836 - (6 + -8 + (-1 - 152)).
139
Calculate -929 + 946 - ((2 + 0 - 3) + -73).
91
-60 - (16 - 11) - -84
19
Calculate (-43 + 65 - (12 - 1) - -61) + -14.
58
Evaluate 18 - (-25 + -37) - (-32 - -15).
97
Evaluate 1112 + -1141 - ((-3 - 5) + -2).
-19
10 + -17 + 10 + 33 - -20
56
-45 + 82 - 9 - 75
-47
Evaluate (51 - 6) + (2 + -8 - (-55 + 41)).
53
(2 - 10) + (64 - 3) - -24
77
(218 - 213 - (38 + (0 - -1))) + 5
-29
(84 - 3) + -480 + 444
45
Calculate 2 + -1 + 1 + (-121 - (141 - 288)).
28
What is the value of 5 + 2 + -56 + -7 + -2 - (1 + -10)?
-49
What is the value of -130 - (-57 + 61 + (-33 - -5))?
-106
Evaluate -3 + 13 - (-13 + 7 + 12) - -36.
40
What is 81 + (-12 - -19) + -18?
70
Calculate -18 + -69 + -94 + 64.
-117
(3 - 3) + (2 - 26) - (123 - 215 - -85)
-17
(22 - (-2 - -25)) + (-21 - -11)
-11
23 - (-72 - -52 - (6 - 36))
13
Calculate (-22 - (-15 + -4) - 0) + (4 - 22).
-21
Evaluate -212 + 198 - (-2 - -4 - -7).
-23
What is -21 - (-43 + -7 + (3 - -89))?
-63
Evaluate 1 + (-5 - 4) - ((50 - 5) + -2).
-51
Evaluate 66 + (-8 - 92 - -19).
-15
What is -6 + 8 + (30 - 32) + (-41 - 3)?
-44
-45 + 90 + 125 + -98
72
Calculate 21 + (-3 - -8 - (14 - (2 - 3))) + 10.
21
What is 4 - -2 - (-1805 + 1785 - (-1 - -34))?
59
Evaluate 0 + 0 - (70 + -32 + -16).
-22
Calculate -4 + 55 + -58 - 22.
-29
What is -100 + (0 - 8) + -49 + 44 + (46 - 43)?
-110
What is 6 - (-1 + 13 + 47 + 19)?
-72
What is the value of (56 - 45) + 21 + -22?
10
What is 40 - 25 - -3 - (-2 + 7) - 31?
-18
Evaluate 25 + 1 - (-861 + 894).
-7
-5 + (-4 + -8 + 12 - (2 + 2) - -9)
0
What is the value of 6 - (-15 - 1) - (17 + -1)?
6
-17 + 6 - (-17 - (6 - -65 - -10))
87
What is (-3 - -62) + -12 + -1 + -146?
-100
What is the value of 6 + (1 - 7) - (3 + 0) - (1695 + -1773)?
75
Evaluate -140 + 125 + 85 + -111.
-41
What is the value of 11 + (6 - (44 - (-6 - (13 - 24))) - -9)?
-13
Calculate (-2 + 3 - -24) + (-7220 - -7222).
27
-2 + -18 + -6 + 40 - 15
-1
What is -18 + (19 - -7 - 23) + -15 + 1?
-29
84 + -